{"id":10868,"date":"2014-10-11T14:22:51","date_gmt":"2014-10-11T14:22:51","guid":{"rendered":"http:\/\/avada.theme-fusion.com_demos\/portfolio\/?page_id=10868"},"modified":"2025-05-20T15:56:28","modified_gmt":"2025-05-20T13:56:28","slug":"home-jlm-medical","status":"publish","type":"page","link":"https:\/\/jlmmedical.fr\/","title":{"rendered":"Home JLM Medical"},"content":{"rendered":"<p><div class=\"fusion-fullwidth fullwidth-box fusion-builder-row-1 nonhundred-percent-fullwidth non-hundred-percent-height-scrolling\" style=\"--awb-background-position:left top;--awb-border-sizes-top:0px;--awb-border-sizes-bottom:0px;--awb-border-sizes-left:0px;--awb-border-sizes-right:0px;--awb-border-radius-top-left:0px;--awb-border-radius-top-right:0px;--awb-border-radius-bottom-right:0px;--awb-border-radius-bottom-left:0px;--awb-padding-top:40px;--awb-padding-bottom:30px;--awb-background-color:#ccdde5;--awb-flex-wrap:wrap;\" ><div class=\"fusion-builder-row fusion-row\"><div class=\"fusion-layout-column fusion_builder_column fusion-builder-column-0 fusion_builder_column_1_1 1_1 fusion-one-full fusion-column-first fusion-column-last fusion-column-no-min-height\" style=\"--awb-bg-size:cover;--awb-margin-bottom:0px;\"><div class=\"fusion-column-wrapper fusion-flex-column-wrapper-legacy\"><div class=\"fusion-text fusion-text-1\"><h2 style=\"text-align: center;\"><span style=\"color: #293980;\">LE SPECIALISTE DES SERVICES ET DES EQUIPEMENTS DE DIAGNOSTIC MEDICAL<\/span><\/h2>\n<\/div><div class=\"fusion-sep-clear\"><\/div><div class=\"fusion-separator\" style=\"margin-left: auto;margin-right: auto;margin-top:5px;margin-bottom:10px;width:100%;max-width:200px;\"><div class=\"fusion-separator-border sep-single sep-solid\" style=\"--awb-height:20px;--awb-amount:20px;--awb-sep-color:#70b3e1;border-color:#70b3e1;border-top-width:1px;\"><\/div><\/div><div class=\"fusion-sep-clear\"><\/div><div class=\"fusion-sep-clear\"><\/div><div class=\"fusion-separator fusion-full-width-sep\" style=\"margin-left: auto;margin-right: auto;margin-top:5px;width:100%;\"><\/div><div class=\"fusion-sep-clear\"><\/div><div class=\"fusion-clearfix\"><\/div><\/div><\/div><div class=\"fusion-layout-column fusion_builder_column fusion-builder-column-1 fusion_builder_column_1_6 1_6 fusion-one-sixth fusion-column-first\" style=\"--awb-bg-size:cover;width:13.3333%; margin-right: 4%;\"><div class=\"fusion-column-wrapper fusion-flex-column-wrapper-legacy\"><div class=\"fusion-clearfix\"><\/div><\/div><\/div><div class=\"fusion-layout-column fusion_builder_column fusion-builder-column-2 fusion_builder_column_2_3 2_3 fusion-two-third\" style=\"--awb-bg-size:cover;width:65.3333%; margin-right: 4%;\"><div class=\"fusion-column-wrapper fusion-flex-column-wrapper-legacy\"><div class=\"fusion-text fusion-text-2\"><p style=\"text-align: center;\">JLM MEDICAL est une soci\u00e9t\u00e9 qui regroupe les comp\u00e9tences d\u2019experts dans le domaine du m\u00e9dical, de l\u2019\u00e9lectronique, de l\u2019ing\u00e9nierie et de l\u2019informatique. Elle con\u00e7oit et commercialise des programmes,des mat\u00e9riels et des services innovants de diagnostic en m\u00e9decine d&rsquo;aptitude, scolaire et en g\u00e9riatrie.\u00a0Actuellement, ses domaines d\u2019intervention recouvrent plus particuli\u00e8rement les diagnostics en mati\u00e8re de pathologies visuelles, auditives, pulmonaires et cardiaques.<\/p>\n<\/div><div class=\"fusion-clearfix\"><\/div><\/div><\/div><div class=\"fusion-layout-column fusion_builder_column fusion-builder-column-3 fusion_builder_column_1_6 1_6 fusion-one-sixth fusion-column-last\" style=\"--awb-bg-size:cover;width:13.3333%;\"><div class=\"fusion-column-wrapper fusion-flex-column-wrapper-legacy\"><div class=\"fusion-clearfix\"><\/div><\/div><\/div><div class=\"fusion-layout-column fusion_builder_column fusion-builder-column-4 fusion_builder_column_1_1 1_1 fusion-one-full fusion-column-first fusion-column-last fusion-column-no-min-height\" style=\"--awb-bg-size:cover;--awb-margin-bottom:0px;\"><div class=\"fusion-column-wrapper fusion-flex-column-wrapper-legacy\"><div class=\"fusion-sep-clear\"><\/div><div class=\"fusion-separator fusion-full-width-sep\" style=\"margin-left: auto;margin-right: auto;margin-top:10px;width:100%;\"><\/div><div class=\"fusion-sep-clear\"><\/div><div class=\"fusion-clearfix\"><\/div><\/div><\/div><\/div><\/div><div class=\"fusion-fullwidth fullwidth-box fusion-builder-row-2 nonhundred-percent-fullwidth non-hundred-percent-height-scrolling\" style=\"--awb-background-position:left top;--awb-border-sizes-top:0px;--awb-border-sizes-bottom:0px;--awb-border-sizes-left:0px;--awb-border-sizes-right:0px;--awb-border-radius-top-left:0px;--awb-border-radius-top-right:0px;--awb-border-radius-bottom-right:0px;--awb-border-radius-bottom-left:0px;--awb-padding-top:95px;--awb-padding-bottom:20px;--awb-background-color:yes;--awb-flex-wrap:wrap;\" ><div class=\"fusion-builder-row fusion-row\"><div class=\"fusion-layout-column fusion_builder_column fusion-builder-column-5 fusion_builder_column_1_1 1_1 fusion-one-full fusion-column-first fusion-column-last fusion-column-no-min-height\" style=\"--awb-bg-size:cover;--awb-margin-bottom:0px;\"><div class=\"fusion-column-wrapper fusion-flex-column-wrapper-legacy\"><div class=\"fusion-content-boxes content-boxes columns row fusion-columns-3 fusion-columns-total-3 fusion-content-boxes-1 content-boxes-icon-on-top content-left\" style=\"--awb-hover-accent-color:#6796bf;--awb-circle-hover-accent-color:#6796bf;\" data-animationOffset=\"top-into-view\"><div style=\"--awb-backgroundcolor:rgba(255,255,255,0);--awb-iconcolor:#6796bf;\" class=\"fusion-column content-box-column content-box-column content-box-column-1 col-lg-4 col-md-4 col-sm-4 fusion-content-box-hover content-box-column-first-in-row\"><div class=\"col content-box-wrapper content-wrapper link-area-link-icon link-type-text icon-hover-animation-fade\" data-animationOffset=\"top-into-view\"><div class=\"heading heading-with-icon icon-left\"><a class=\"heading-link\" href=\"https:\/\/jlmmedical.fr\/?page_id=10889\" target=\"_self\"><div aria-hidden=\"true\" class=\"image\"><img decoding=\"async\" src=\"https:\/\/jlmmedical.fr\/wp-content\/uploads\/2014\/10\/picto-vision.png\" width=\"140\" height=\"140\" alt=\"\" \/><\/div><h2 class=\"content-box-heading\" style=\"--h2_typography-font-size:18px;line-height:23px;\">Vision<\/h2><\/a><\/div><div class=\"fusion-clearfix\"><\/div><div class=\"content-container\">Du test d\u2019acuit\u00e9 \u00e0 l\u2019\u00e9blouisseur, JLM Medical vous apporte des solutions compl\u00e8tes, de grande pr\u00e9cision et innovantes.<\/div><\/div><\/div><div style=\"--awb-backgroundcolor:rgba(255,255,255,0);--awb-iconcolor:#6796bf;\" class=\"fusion-column content-box-column content-box-column content-box-column-2 col-lg-4 col-md-4 col-sm-4 fusion-content-box-hover \"><div class=\"col content-box-wrapper content-wrapper link-area-link-icon link-type-text icon-hover-animation-fade\" data-animationOffset=\"top-into-view\"><div class=\"heading heading-with-icon icon-left\"><a class=\"heading-link\" href=\"https:\/\/jlmmedical.fr\/?page_id=13045\" target=\"_self\"><div aria-hidden=\"true\" class=\"image\"><img decoding=\"async\" src=\"https:\/\/jlmmedical.fr\/wp-content\/uploads\/2014\/10\/picto-audiometrie.png\" width=\"140\" height=\"140\" alt=\"\" \/><\/div><h2 class=\"content-box-heading\" style=\"--h2_typography-font-size:18px;line-height:23px;\">Audiom\u00e9trie<\/h2><\/a><\/div><div class=\"fusion-clearfix\"><\/div><div class=\"content-container\">Les appareils de mesure de l\u2019audition de JLM Medical vous assurent un examen m\u00e9dical rigoureux pour mesurer les performances auditives du patient.<\/div><\/div><\/div><div style=\"--awb-backgroundcolor:rgba(255,255,255,0);--awb-iconcolor:#6796bf;\" class=\"fusion-column content-box-column content-box-column content-box-column-3 col-lg-4 col-md-4 col-sm-4 fusion-content-box-hover content-box-column-last content-box-column-last-in-row\"><div class=\"col content-box-wrapper content-wrapper link-area-link-icon link-type-text icon-hover-animation-fade\" data-animationOffset=\"top-into-view\"><div class=\"heading heading-with-icon icon-left\"><a class=\"heading-link\" href=\"https:\/\/jlmmedical.fr\/?page_id=13052\" target=\"_self\"><div aria-hidden=\"true\" class=\"image\"><img decoding=\"async\" src=\"https:\/\/jlmmedical.fr\/wp-content\/uploads\/2014\/10\/picto-spirometrie.png\" width=\"140\" height=\"140\" alt=\"\" \/><\/div><h2 class=\"content-box-heading\" style=\"--h2_typography-font-size:18px;line-height:23px;\">Spirom\u00e9trie<\/h2><\/a><\/div><div class=\"fusion-clearfix\"><\/div><div class=\"content-container\">D\u00e9couvrez le plus petit et le plus l\u00e9ger spirom\u00e8tre au monde qui vous permet de lancer et de r\u00e9aliser les test standards rapides et simples.<\/div><\/div><\/div><div class=\"fusion-clearfix\"><\/div><\/div><div class=\"fusion-sep-clear\"><\/div><div class=\"fusion-separator fusion-full-width-sep\" style=\"margin-left: auto;margin-right: auto;margin-top:-15px;margin-bottom:-15px;width:100%;\"><\/div><div class=\"fusion-sep-clear\"><\/div><div class=\"fusion-clearfix\"><\/div><\/div><\/div><div class=\"fusion-layout-column fusion_builder_column fusion-builder-column-6 fusion_builder_column_1_1 1_1 fusion-one-full fusion-column-first fusion-column-last fusion-column-no-min-height\" style=\"--awb-bg-size:cover;--awb-margin-bottom:0px;\"><div class=\"fusion-column-wrapper fusion-flex-column-wrapper-legacy\"><div class=\"fusion-content-boxes content-boxes columns row fusion-columns-3 fusion-columns-total-3 fusion-content-boxes-2 content-boxes-icon-on-top content-left\" style=\"--awb-hover-accent-color:#6796bf;--awb-circle-hover-accent-color:#6796bf;\" data-animationOffset=\"top-into-view\"><div style=\"--awb-backgroundcolor:rgba(255,255,255,0);--awb-iconcolor:#6796bf;\" class=\"fusion-column content-box-column content-box-column content-box-column-1 col-lg-4 col-md-4 col-sm-4 fusion-content-box-hover content-box-column-first-in-row\"><div class=\"col content-box-wrapper content-wrapper link-area-link-icon link-type-text icon-hover-animation-fade\" data-animationOffset=\"top-into-view\"><div class=\"heading heading-with-icon icon-left\"><a class=\"heading-link\" href=\"https:\/\/jlmmedical.fr\/?page_id=13067\" target=\"_self\"><div aria-hidden=\"true\" class=\"image\"><img decoding=\"async\" src=\"https:\/\/jlmmedical.fr\/wp-content\/uploads\/2014\/10\/picto-ecg.png\" width=\"140\" height=\"140\" alt=\"\" \/><\/div><h2 class=\"content-box-heading\" style=\"--h2_typography-font-size:18px;line-height:23px;\">ECG<\/h2><\/a><\/div><div class=\"fusion-clearfix\"><\/div><div class=\"content-container\">Sans fil ou filaire, avec ou sans batteries, JLM Medical vous propose une gamme compl\u00e8te d\u2019ECG fiables et de grande marque.<\/div><\/div><\/div><div style=\"--awb-backgroundcolor:rgba(255,255,255,0);--awb-iconcolor:#6796bf;\" class=\"fusion-column content-box-column content-box-column content-box-column-2 col-lg-4 col-md-4 col-sm-4 fusion-content-box-hover \"><div class=\"col content-box-wrapper content-wrapper link-area-link-icon link-type-text icon-hover-animation-fade\" data-animationOffset=\"top-into-view\"><div class=\"heading heading-with-icon icon-left\"><a class=\"heading-link\" href=\"https:\/\/jlmmedical.fr\/?page_id=13060\" target=\"_self\"><div aria-hidden=\"true\" class=\"image\"><img decoding=\"async\" src=\"https:\/\/jlmmedical.fr\/wp-content\/uploads\/2014\/10\/picto-telemedecine.png\" width=\"140\" height=\"140\" alt=\"\" \/><\/div><h2 class=\"content-box-heading\" style=\"--h2_typography-font-size:18px;line-height:23px;\">Unit\u00e9s M\u00e9dicales Mobiles<br \/>\net T\u00e9l\u00e9-M\u00e9decine<\/h2><\/a><\/div><div class=\"fusion-clearfix\"><\/div><div class=\"content-container\">D\u00e9couvrez nos unit\u00e9s m\u00e9dicales mobiles ou sur chariot permettant d\u2019assurer un suivi r\u00e9gulier de l\u2019\u00e9tat de sant\u00e9 des patients sur un grand nombre de domaines m\u00e9dicaux.<\/div><\/div><\/div><div style=\"--awb-backgroundcolor:rgba(255,255,255,0);--awb-iconcolor:#6796bf;\" class=\"fusion-column content-box-column content-box-column content-box-column-3 col-lg-4 col-md-4 col-sm-4 fusion-content-box-hover content-box-column-last content-box-column-last-in-row\"><div class=\"col content-box-wrapper content-wrapper link-area-link-icon link-type-text icon-hover-animation-fade\" data-animationOffset=\"top-into-view\"><div class=\"heading heading-with-icon icon-left\"><a class=\"heading-link\" href=\"https:\/\/jlmmedical.fr\/?page_id=13069\" target=\"_self\"><div aria-hidden=\"true\" class=\"image\"><img decoding=\"async\" src=\"https:\/\/jlmmedical.fr\/wp-content\/uploads\/2014\/10\/picto-autresproduits.png\" width=\"140\" height=\"140\" alt=\"\" \/><\/div><h2 class=\"content-box-heading\" style=\"--h2_typography-font-size:18px;line-height:23px;\">Autres produits<\/h2><\/a><\/div><div class=\"fusion-clearfix\"><\/div><div class=\"content-container\">JLM M\u00e9dical, a s\u00e9lectionn\u00e9 pour vous, un certain nombre de produits issus de soci\u00e9t\u00e9s comp\u00e9tentes et s\u00e9rieuses et pour lesquelles nous sommes distributeur.<\/div><\/div><\/div><div class=\"fusion-clearfix\"><\/div><\/div><div class=\"fusion-sep-clear\"><\/div><div class=\"fusion-separator fusion-full-width-sep\" style=\"margin-left: auto;margin-right: auto;margin-top:-15px;margin-bottom:-15px;width:100%;\"><\/div><div class=\"fusion-sep-clear\"><\/div><div class=\"fusion-clearfix\"><\/div><\/div><\/div><div class=\"fusion-layout-column fusion_builder_column fusion-builder-column-7 fusion_builder_column_1_1 1_1 fusion-one-full fusion-column-first fusion-column-last fusion-column-no-min-height\" style=\"--awb-bg-size:cover;--awb-margin-bottom:0px;\"><div class=\"fusion-column-wrapper fusion-flex-column-wrapper-legacy\"><div class=\"fusion-content-boxes content-boxes columns row fusion-columns-3 fusion-columns-total-1 fusion-content-boxes-3 content-boxes-icon-on-top content-left\" style=\"--awb-hover-accent-color:#6796bf;--awb-circle-hover-accent-color:#6796bf;\" data-animationOffset=\"top-into-view\"><div style=\"--awb-backgroundcolor:rgba(255,255,255,0);--awb-iconcolor:#6796bf;\" class=\"fusion-column content-box-column content-box-column content-box-column-1 col-lg-4 col-md-4 col-sm-4 fusion-content-box-hover content-box-column-first-in-row content-box-column-last\"><div class=\"col content-box-wrapper content-wrapper link-area-link-icon link-type-text icon-hover-animation-fade\" data-animationOffset=\"top-into-view\"><div class=\"heading heading-with-icon icon-left\"><a class=\"heading-link\" href=\"https:\/\/jlmmedical.fr\/?page_id=13133\" target=\"_self\"><div aria-hidden=\"true\" class=\"image\"><img decoding=\"async\" src=\"https:\/\/jlmmedical.fr\/wp-content\/uploads\/2014\/10\/Icone-Service-1.png\" width=\"140\" height=\"140\" alt=\"\" \/><\/div><h2 class=\"content-box-heading\" style=\"--h2_typography-font-size:18px;line-height:23px;\">Les Services<\/h2><\/a><\/div><div class=\"fusion-clearfix\"><\/div><div class=\"content-container\">JLM MEDICAL a d\u00e9velopp\u00e9 un\u00a0ensemble de services pour s&rsquo;adapter au mieux \u00e0 vos besoins.<\/div><\/div><\/div><div class=\"fusion-clearfix\"><\/div><\/div><div class=\"fusion-clearfix\"><\/div><\/div><\/div><\/div><\/div><\/p>\n","protected":false},"excerpt":{"rendered":"","protected":false},"author":2,"featured_media":0,"parent":0,"menu_order":0,"comment_status":"open","ping_status":"open","template":"100-width.php","meta":{"footnotes":""},"class_list":["post-10868","page","type-page","status-publish","hentry"],"yoast_head":"<!-- This site is optimized with the Yoast SEO plugin v25.1 - https:\/\/yoast.com\/wordpress\/plugins\/seo\/ -->\n<title>JLM M\u00e9dical : Services et \u00e9quipements de diagnostic m\u00e9dical<\/title>\n<meta name=\"description\" content=\"JLM M\u00e9dical : LE SPECIALISTE DES SERVICES ET DES EQUIPEMENTS DE DIAGNOSTIC MEDICAL.\" \/>\n<meta name=\"robots\" content=\"index, follow, max-snippet:-1, max-image-preview:large, max-video-preview:-1\" \/>\n<link rel=\"canonical\" href=\"https:\/\/jlmmedical.fr\/\" \/>\n<meta property=\"og:locale\" content=\"fr_FR\" \/>\n<meta property=\"og:type\" content=\"article\" \/>\n<meta property=\"og:title\" content=\"JLM M\u00e9dical : Services et \u00e9quipements de diagnostic m\u00e9dical\" \/>\n<meta property=\"og:description\" content=\"JLM M\u00e9dical : LE SPECIALISTE DES SERVICES ET DES EQUIPEMENTS DE DIAGNOSTIC MEDICAL.\" \/>\n<meta property=\"og:url\" content=\"https:\/\/jlmmedical.fr\/\" \/>\n<meta property=\"og:site_name\" content=\"JLM Medical\" \/>\n<meta property=\"article:modified_time\" content=\"2025-05-20T13:56:28+00:00\" \/>\n<meta name=\"twitter:card\" content=\"summary_large_image\" \/>\n<meta name=\"twitter:label1\" content=\"Dur\u00e9e de lecture estim\u00e9e\" \/>\n\t<meta name=\"twitter:data1\" content=\"7 minutes\" \/>\n<script type=\"application\/ld+json\" class=\"yoast-schema-graph\">{\"@context\":\"https:\/\/schema.org\",\"@graph\":[{\"@type\":\"WebPage\",\"@id\":\"https:\/\/jlmmedical.fr\/\",\"url\":\"https:\/\/jlmmedical.fr\/\",\"name\":\"JLM M\u00e9dical : Services et \u00e9quipements de diagnostic m\u00e9dical\",\"isPartOf\":{\"@id\":\"https:\/\/jlmmedical.fr\/#website\"},\"datePublished\":\"2014-10-11T14:22:51+00:00\",\"dateModified\":\"2025-05-20T13:56:28+00:00\",\"description\":\"JLM M\u00e9dical : LE SPECIALISTE DES SERVICES ET DES EQUIPEMENTS DE DIAGNOSTIC MEDICAL.\",\"breadcrumb\":{\"@id\":\"https:\/\/jlmmedical.fr\/#breadcrumb\"},\"inLanguage\":\"fr-FR\",\"potentialAction\":[{\"@type\":\"ReadAction\",\"target\":[\"https:\/\/jlmmedical.fr\/\"]}]},{\"@type\":\"BreadcrumbList\",\"@id\":\"https:\/\/jlmmedical.fr\/#breadcrumb\",\"itemListElement\":[{\"@type\":\"ListItem\",\"position\":1,\"name\":\"Accueil\",\"item\":\"https:\/\/jlmmedical.fr\/\"},{\"@type\":\"ListItem\",\"position\":2,\"name\":\"Home JLM Medical\"}]},{\"@type\":\"WebSite\",\"@id\":\"https:\/\/jlmmedical.fr\/#website\",\"url\":\"https:\/\/jlmmedical.fr\/\",\"name\":\"JLM Medical\",\"description\":\"\",\"potentialAction\":[{\"@type\":\"SearchAction\",\"target\":{\"@type\":\"EntryPoint\",\"urlTemplate\":\"https:\/\/jlmmedical.fr\/?s={search_term_string}\"},\"query-input\":{\"@type\":\"PropertyValueSpecification\",\"valueRequired\":true,\"valueName\":\"search_term_string\"}}],\"inLanguage\":\"fr-FR\"}]}<\/script>\n<!-- \/ Yoast SEO plugin. -->","yoast_head_json":{"title":"JLM M\u00e9dical : Services et \u00e9quipements de diagnostic m\u00e9dical","description":"JLM M\u00e9dical : LE SPECIALISTE DES SERVICES ET DES EQUIPEMENTS DE DIAGNOSTIC MEDICAL.","robots":{"index":"index","follow":"follow","max-snippet":"max-snippet:-1","max-image-preview":"max-image-preview:large","max-video-preview":"max-video-preview:-1"},"canonical":"https:\/\/jlmmedical.fr\/","og_locale":"fr_FR","og_type":"article","og_title":"JLM M\u00e9dical : Services et \u00e9quipements de diagnostic m\u00e9dical","og_description":"JLM M\u00e9dical : LE SPECIALISTE DES SERVICES ET DES EQUIPEMENTS DE DIAGNOSTIC MEDICAL.","og_url":"https:\/\/jlmmedical.fr\/","og_site_name":"JLM Medical","article_modified_time":"2025-05-20T13:56:28+00:00","twitter_card":"summary_large_image","twitter_misc":{"Dur\u00e9e de lecture estim\u00e9e":"7 minutes"},"schema":{"@context":"https:\/\/schema.org","@graph":[{"@type":"WebPage","@id":"https:\/\/jlmmedical.fr\/","url":"https:\/\/jlmmedical.fr\/","name":"JLM M\u00e9dical : Services et \u00e9quipements de diagnostic m\u00e9dical","isPartOf":{"@id":"https:\/\/jlmmedical.fr\/#website"},"datePublished":"2014-10-11T14:22:51+00:00","dateModified":"2025-05-20T13:56:28+00:00","description":"JLM M\u00e9dical : LE SPECIALISTE DES SERVICES ET DES EQUIPEMENTS DE DIAGNOSTIC MEDICAL.","breadcrumb":{"@id":"https:\/\/jlmmedical.fr\/#breadcrumb"},"inLanguage":"fr-FR","potentialAction":[{"@type":"ReadAction","target":["https:\/\/jlmmedical.fr\/"]}]},{"@type":"BreadcrumbList","@id":"https:\/\/jlmmedical.fr\/#breadcrumb","itemListElement":[{"@type":"ListItem","position":1,"name":"Accueil","item":"https:\/\/jlmmedical.fr\/"},{"@type":"ListItem","position":2,"name":"Home JLM Medical"}]},{"@type":"WebSite","@id":"https:\/\/jlmmedical.fr\/#website","url":"https:\/\/jlmmedical.fr\/","name":"JLM Medical","description":"","potentialAction":[{"@type":"SearchAction","target":{"@type":"EntryPoint","urlTemplate":"https:\/\/jlmmedical.fr\/?s={search_term_string}"},"query-input":{"@type":"PropertyValueSpecification","valueRequired":true,"valueName":"search_term_string"}}],"inLanguage":"fr-FR"}]}},"_links":{"self":[{"href":"https:\/\/jlmmedical.fr\/index.php?rest_route=\/wp\/v2\/pages\/10868","targetHints":{"allow":["GET"]}}],"collection":[{"href":"https:\/\/jlmmedical.fr\/index.php?rest_route=\/wp\/v2\/pages"}],"about":[{"href":"https:\/\/jlmmedical.fr\/index.php?rest_route=\/wp\/v2\/types\/page"}],"author":[{"embeddable":true,"href":"https:\/\/jlmmedical.fr\/index.php?rest_route=\/wp\/v2\/users\/2"}],"replies":[{"embeddable":true,"href":"https:\/\/jlmmedical.fr\/index.php?rest_route=%2Fwp%2Fv2%2Fcomments&post=10868"}],"version-history":[{"count":39,"href":"https:\/\/jlmmedical.fr\/index.php?rest_route=\/wp\/v2\/pages\/10868\/revisions"}],"predecessor-version":[{"id":13733,"href":"https:\/\/jlmmedical.fr\/index.php?rest_route=\/wp\/v2\/pages\/10868\/revisions\/13733"}],"wp:attachment":[{"href":"https:\/\/jlmmedical.fr\/index.php?rest_route=%2Fwp%2Fv2%2Fmedia&parent=10868"}],"curies":[{"name":"wp","href":"https:\/\/api.w.org\/{rel}","templated":true}]}}